e -11 + 1 = -2*r. Suppose -r*x = 14 + 6. Let o(n) = -n**2 - 5*n - 6. Give o(x).
-2
Let z(w) be the second derivative of 3*w**5/20 - w**3/6 + w**2/2 - 27*w. What is z(1)?
3
Let m(i) = -i**2 + 7*i. Let t be m(7). Suppose t*z - 3*z = 0. Let x(u) = 4*u - 2*u + 2*u**3 + 5 - u**2 - u - 3*u**3. Give x(z).
5
Let n(g) = -4*g**2 - 5*g - 8. Let k(w) = -7*w**2 - 9*w - 15. Let j(b) = -3*k(b) + 5*n(b). Determine j(-4).
13
Suppose 4*s - 3 = -5*n, 4*s - 2*n = 3*s + 4. Let l(d) = 11 - s*d - 4 + d. Give l(0).
7
Let o(g) = g**2 - 2*g - 1. Let w be o(2). Suppose 0 = 4*t - 3*f + 7, -4*f + 9 = -8*t + 3*t. Let h be (1 + (t - w))*-5. Let v(b) = b. Determine v(h).
-5
Let y(z) be the second derivative of -z**5/20 + z**3/6 + 7*z**2/2 - 2*z - 28. Let b(g) = g - 2. Let w be b(2). Determine y(w).
7
Let z(m) be the first derivative of m**4/4 + 2*m**3 - 3*m**2/2 - 8*m - 2. Determine z(-6).
10
Let q(c) = -14*c**3 - 2*c**2 + 1. Let i = -24 + 25. Give q(i).
-15
Let m(z) = -5*z**3 - 23*z**2 + 2*z - 11. Let j(n) = 3*n**3 + 12*n**2 + 5. Let c(o) = -7*j(o) - 4*m(o). Give c(7).
2
Let x be 15/6*4/(-5). Let s(t) = -t**3 + t**2 + 3*t + 1. Give s(x).
7
Let p be -1*24/(0 + 4). Let l(a) = a + 2. What is l(p)?
-4
Let y(l) = 12 - 2*l - l - l**2 - 3*l - 17. Determine y(-6).
-5
Let q(i) = -i**3 + 6*i**2 - 4*i + 3. Suppose -8*d + 3*d = n - 7, 0 = n - d + 5. Let t be 3 - (0 + 6)/n. What is q(t)?
8
Let q(c) = -c - 106*c**2 + 110*c**2 - c + 1. Calculate q(1).
3
Let o(c) = -6*c**2 + 3*c - 8*c + 4 + 4*c**2 + c**3. Let n(z) = z**3 - 5*z**2 - 8*z + 15. Let p be n(6). Determine o(p).
-2
Let o(n) = -2*n**2 - 5*n**2 + 3*n**2. Let t(z) = z**3 + 10*z**2 + 10*z + 10. Suppose 3*c = -2*c - 45. Let l be t(c). Determine o(l).
-4
Let k(i) be the second derivative of 11*i**5/60 - i**2/2 + 3*i. Let v(r) be the first derivative of k(r). Give v(1).
11
Suppose n - 3*u = -4 + 16, -2*n + 2*u + 16 = 0. Let l(i) = 4. Let j(f) = -f - 7. Let r(p) = j(p) + 4*l(p). Determine r(n).
3
Let d(p) = -p**3 - 4*p**2 - 4*p - 4. Suppose 2*n + n - 3*f = -9, 0 = -4*n - 3*f - 19. Let j(h) = -h**2 - 2*h + 5. Let u be j(n). Determine d(u).
-1
Suppose 3*c = -c - 40. Let p(z) = z**2 + 10*z + 1. Let a be p(c). Let q(s) = s**2. Calculate q(a).
1
Let i(n) = n + 2. Let v(w) = w + 3. Let z(t) = 3*i(t) - 2*v(t). Suppose -2*r + 3 = r, 5*g = 3*r - 8. Let c = -3 - g. What is z(c)?
-2
Suppose 8 = 4*f - 6*f. Let d(o) = -8*o - 3. Let j(r) = 7*r + 3. Let k(z) = f*j(z) - 3*d(z). Give k(-2).
5
Suppose -2*j - 2 + 0 = 4*x, x = j - 2. Let o(r) = 3*r - 4*r + 0 - 1. What is o(x)?
0
Let w = -11 + 14. Let u(i) = i**3 - i**2 - 3*i**w - 3*i - 3 + i**2 - 3*i**2. Calculate u(-2).
7
Let s(c) = -c + 21. Let v be s(14). Let z(m) = m**3 - 7*m**2 + m + 10. Determine z(v).
17
Let c(y) be the second derivative of y**7/840 + y**6/120 - y**5/60 - 2*y**3/3 - y. Let l(h) be the second derivative of c(h). Give l(-4).
-8
Let x = 88 - 527/6. Let c(o) be the second derivative of -x*o**3 - o + 1/2*o**4 - 5/2*o**2 + 0 + 1/20*o**5. Calculate c(-6).
1
Let x(h) be the second derivative of 1/20*h**5 + h - 1/2*h**3 + 3/2*h**2 - 1/4*h**4 + 0. What is x(3)?
-6
Let j(m) = -2*m - 1. Let r(u) be the second derivative of u**3/6 - u. Let c(l) = -j(l) - r(l). Let b be ((-2)/(-5))/(1/(-5)). Give c(b).
-1
Let a = -11 - -12. Let i(o) be the first derivative of 2*o**3/3 - o**2/2 - 1. Give i(a).
1
Let p be (0 - 4)/(6 + -8). Let r(d) = -2*d + 2 - 4 + 3*d + d**2. Calculate r(p).
4
Let t(w) be the second derivative of -w**5/20 + w**4/6 + w**3/3 - w**2/2 + w. Give t(3).
-4
Let v(h) be the first derivative of -h**2/2 - h + 1. Suppose 3*g = -3 - 0. Determine v(g).
0
Let n(a) = -7*a + 2 - a**2 - 8*a + 0*a + 10*a. Let m be ((-6)/4)/(24/64). What is n(m)?
6
Let v(s) = -6*s. Let b = -1 + 6. Suppose -b*y = 5*q - 25, -3*y - 4 + 33 = 5*q. Let k be 2/7 + (-9)/q. What is v(k)?
6
Suppose f = -3*c + 10, 4*f - 2 = 2. Let r = c + -1. Let v(l) = 1 + 2*l - 7*l - 2*l**2 - 4 + 3*l**r. Calculate v(5).
-3
Let x(r) = r - 1. Let s(d) = -5*d + 4. Let p(b) = 4*s(b) + 18*x(b). What is p(-3)?
4
Let a be 1*(2 - -1)/1. Let d(i) = -i**2 + 4*i + 5. Let j be d(4). Let o(m) = 3*m - 4*m - 3*m + j*m. Calculate o(a).
3
Let i(a) be the third derivative of -1/24*a**4 - 1/3*a**3 - 1/12*a**5 - 1/120*a**6 + 2*a**2 + 0*a + 0. Let c be -3 - 2/(-2 - -3). Calculate i(c).
3
Let g(k) = -k**3 - 5*k**2 + 5*k + 3. Let z be g(-6). Let t be ((-3)/z)/1*-3. Let h(u) = -t - u + 3*u + 2. What is h(-2)?
-3
Let u(h) = h - 2 + 4 + 8. Let t be u(-5). Suppose 2*o = t*o - 15. Let x(n) = n**3 - 4*n**2 - 5*n - 4. Give x(o).
-4
Let h(f) = 7*f**2 + f**3 - 9*f - 3 - 8*f + 6 + 9*f. What is h(-8)?
3
Let w(l) be the second derivative of -l**4/12 - 7*l**3/6 - 3*l**2 + 11*l. Give w(-4).
6
Let s(r) be the first derivative of r**4/4 - 4*r**3/3 + r**2 + r + 88. Suppose 5*z = 5*k + 30, 3*z = -4*k - 7 - 3. What is s(z)?
-3
Suppose 0*a - 5*r = 2*a + 8, 0 = 5*a + 4*r - 14. Let y(o) = 0*o**3 - o + o**3 - 8*o + 2 + a*o. Let z be (2/(-1))/(0 + -1). Determine y(z).
4
Let f(k) = -9*k - 4. Let t(x) = -x - 1. Let i(u) = f(u) - 3*t(u). Suppose -4*v = -2 - 2. Let r = 0 - v. Give i(r).
5
Let o(m) = 7*m - 1. Let y(t) = 20*t - 1. Let z(j) = 11*o(j) - 4*y(j). Calculate z(-6).
11
Let d be 1*((0 - -2) + -1). Let f = 3 - d. Let p(z) = f - 5*z + z + 2*z. What is p(4)?
-6
Let q(n) = -2 + 0 + 8*n + 5 - 2. What is q(2)?
17
Let s = 10 - 15. Let u(n) = 3*n**2 + 5*n + 4. Let d(a) = 13*a**2 + 19*a + 16. Let r(c) = -2*d(c) + 9*u(c). Calculate r(s).
-6
Let f(m) be the second derivative of m**5/20 - m**4/3 - m**3/3 - 3*m**2 - 8*m - 6. Determine f(5).
9
Let q = -7 + 10. Suppose -q*l = -6*o + 3*o, -6 = -5*l + 3*o. Let g(u) = -17 + 5 + 7 + 1 + 2*u. Determine g(l).
2
Let p be 2 - 15*2/6. Let l(g) = 3*g + 1. What is l(p)?
-8
Let y = -2 - -5. Suppose 2*k - y*k = -9. Suppose u + 4*h - k = 7, h - 1 = -u. Let q(g) = g**3 + 5*g**2 + 2*g - 5. What is q(u)?
3
Let v(i) = -i**2 + 3*i + 2. Let s(r) = r**3 - r**2 - 3*r - 3. Let d be s(3). Suppose -a - 4*j = -19, -d*j + 2*j + 22 = 2*a. What is v(a)?
2
Let y(g) be the first derivative of g**6/360 + g**5/30 - g**4/6 - g**3 + 1. Let z(w) be the third derivative of y(w). What is z(-5)?
1
Let w(d) be the third derivative of -d**6/120 - d**5/12 - 5*d**4/24 - 5*d**3/6 - d**2. Suppose 11 + 13 = -6*m. What is w(m)?
-1
Let p(v) = -v**3 + 2*v**2 + 5*v - 4. Let x = 8 - 6. Let z be 10/x*45/25. Suppose 3*o + 4*i - 21 = 0, o + 0*o - z = -2*i. Determine p(o).
2
Let n(t) = -t**3 - 6*t**2 - 6*t - 2. Let o be (1 + -2 + -2)*5. Let y = o - -2. Let z = 8 + y. What is n(z)?
3
Suppose 1 = -4*i + 9. Let w(m) be the first derivative of m**4/4 - m**3/3 + m**2/2 + m + 8. What is w(i)?
7
Let s(i) = 0*i + i**3 + 3*i - 3*i - 1 + 2*i - 3*i**2. Let t = 4 - -4. Let r = t - 6. Calculate s(r).
-1
Let r(j) = 3*j + 3. Let w be (8/5)/(10/25). Determine r(w).
15
Let r(l) = l**3 + 3*l**2 + 3*l + 1. Let n be r(-2). Let z(u) = -3*u**3 - u**2 - u. What is z(n)?
3
Let s(w) = w**3 - 10*w**2 + 2*w - 14. Let o = 9 - -1. Let n be s(o). Let q(x) = -1 + 5*x - 13*x + n*x. Calculate q(3).
-7
Let i(f) = -5*f**2 + 3*f - 15. Let o(z) = -2*z**2 + z - 7. Let h(j) = -3*i(j) + 7*o(j). Suppose t + 2 = 5. Determine h(t).
-1
Let f(a) = a**2 + 2*a + 3. Let m = -58 - -54. Determine f(m).
11
Suppose 3*z + z + 36 = 0. Let x be ((-2)/(-3))/((-2)/z). Let m = 4 - x. Let p(k) = 6*k**2 - 2*k + 1. Determine p(m).
5
Let r(b) = b + 2. Let m(c) = c**3 + 4*c**2 - 10*c + 3*c - 2*c + 6*c - 7. Let n be m(-4). Calculate r(n).
7
Let r(o) = 6*o**3 + 3*o**2 - o + 3. Let w(j) = -6*j**3 - 4*j**2 + j - 4. Let t(x) = -4*r(x) - 3*w(x). Suppose 0 = 3*l - 2*m - 3, 5*l - 5 = 4*m. Determine t(l).
-5
Let y(f) = -f. Let r = -1 + -3. Let w = 3 - r. Let q(h) = h - 2. Let n be q(w). Determine y(n).
-5
Let n = -27 - -30. Let c(f) = f**3 - 2*f**2 - 2*f. What is c(n)?
3
Let i(v) = -v + 4. Let a be -3 - ((-6)/2 - -3). Let p = 3 + a. Determine i(p).
4
Let n(j) = -9*j**2 - 8*j - 1. Let r(x) = -7*x**2 - 8*x - 2. Let y(i) = -3*n(i) + 4*r(i). Let t(s) = -2*s**2 + 2. Let c be t(2). Determine y(c).
7
Let o(u) = -u + 5. Let i be 4/16 + (-46)/(-8). What is o(i)?
-1
Let a = -8 + 12. Suppose -5*j + c + 31 = 5*c, 5*j - a*c = -1. Let t(d) = -2*d - 3. Give t(j).
-9
Let s(a) = -3*a**2 + 4*a**2 + 0*a**2 - 5 + a. Suppose 0 = 2*b + 3*n - 15, 3 - 6 = 3*b - 4*n. Let w = b - 3. Calculate s(